 What are the prime factors of w?
3
Let l be 1/((-13)/7 - -2). Suppose -a + l*o - 18 = 3*o, 3*a - 4*o = -30. List the prime factors of (a/15)/(2/(-30)).
2, 3
Let y(x) = 3*x. Let v be y(1). Suppose 13 = -v*s - 2, -5*t + s = -120. Suppose 5*z = t + 7. What are the prime factors of z?
2, 3
Let v(b) = b**3 + 6*b**2 - 8 - 5*b + 3*b + 0*b**3. Let a be v(-6). Suppose -6 = -f + u, 0*u - a*u = -3*f + 13. List the prime factors of f.
11
Let o = 476 + -261. What are the prime factors of o?
5, 43
Suppose 0*q = -4*q. Suppose k - 13 + 6 = q. List the prime factors of k.
7
Suppose p - 3*p = 0. Suppose 4*o = 3*d - 55, -d - 2*d + 2*o + 53 = p. What are the prime factors of d?
17
Suppose 15*j + 138 = 16*j. What are the prime factors of j?
2, 3, 23
Suppose -225 - 63 = -3*c. Suppose 5*j - c = 59. What are the prime factors of j?
31
Let i(z) = 10*z. What are the prime factors of i(7)?
2, 5, 7
Let c be 1/(-2) - 11/(-2). Let u(g) = -g**2 - 7*g - 6. Let q be u(-5). Suppose q*n - 2*n - 3 = -c*j, 2*n - 11 = 3*j. What are the prime factors of n?
2
Let b = 10 + -5. Suppose 4*x - 2*p = 32, b*p + 16 + 16 = 4*x. Suppose 5*z - x - 9 = -2*d, 5*d - z - 83 = 0. What are the prime factors of d?
2
List the prime factors of (-25 + 5)/(3/(30/(-4))).
2, 5
Suppose 4*x - 10 = -x. Suppose -4*c + b = c - 66, -3*b - 29 = -x*c. What are the prime factors of c?
13
Let v(j) = -j**3 - 5*j**2 - j - 4. Let g be v(-5). Suppose -24 = -5*y + g. List the prime factors of y.
5
Suppose -11*m + 6 = -8*m. List the prime factors of m*-1*(-76)/8.
19
List the prime factors of (-2 + 51 - -1)*2.
2, 5
Let n(i) = -3*i**2 - 9*i + 2. Let b(r) = -17*r - 3 - 5*r**2 + 3 + 3. Let j(c) = -4*b(c) + 7*n(c). List the prime factors of j(5).
2
Suppose 9*x - 8*x - 3 = 0. What are the prime factors of (2/x)/((-1)/(-6))?
2
Suppose 4*w + 68 = 4*p, -6 = -3*p - 3*w + 21. List the prime factors of p.
13
What are the prime factors of (-32)/(-6) + (-12)/(-18)?
2, 3
Let i(u) = 3*u**3 - u + 1. Let r be i(1). Suppose r*v - v = 4. Suppose -v*m + 5*m = 54. What are the prime factors of m?
2, 3
What are the prime factors of 30/(-105) - (-443)/14*2?
3, 7
Let i = -10 - -6. List the prime factors of (0 - -1)/(i/(-32)).
2
What are the prime factors of -3 + (6/(-4))/(3/(-176))?
5, 17
Let w(r) = 19*r. Let p be w(2). Let l(h) = h**2 + 21*h - 8. Let o be l(-22). Suppose 4*f = -o + p. List the prime factors of f.
2, 3
Let j(i) = -4*i - 2. Let b(h) = -h**3 - 3*h**2 + 2*h + 4. Let u be b(-3). What are the prime factors of j(u)?
2, 3
Let y(m) = m**2 - 3*m + 1. Let g(c) = 4*c**2 - 9*c + 3. Let d(x) = 2*g(x) - 7*y(x). Let p be d(-3). Let q = 10 - p. List the prime factors of q.
11
Suppose -12*y + 1610 = -874. List the prime factors of y.
3, 23
Suppose d + 505 = 3*y - 3*d, 0 = -4*d - 4. What are the prime factors of y?
167
Let y = 804 - 463. List the prime factors of y.
11, 31
Suppose -3*c + 19 = -k - k, 15 = 5*c + 5*k. Suppose 0*i = -c*i. Suppose -h + 5*p = -2, -4*h + 8 = -i*p - 4*p. List the prime factors of h.
2
Let w(y) = 9*y**2. Suppose 6 - 2 = 2*q. Suppose t + 2*o = 5, 5*t + q*o - 2 = t. List the prime factors of w(t).
3
Suppose 3*n - 110 - 7 = 0. Suppose -n = -8*s + 5*s. List the prime factors of s.
13
Let w(r) = r**2 - 11*r. Let l be w(11). Suppose 0*c + 5*c - 80 = l. List the prime factors of c.
2
Suppose -i + 1 = -2. Suppose -i*y + t = -42, y + 56 = 5*y - 2*t. What are the prime factors of y?
2, 7
Let g(f) = f**2 + 18*f - 3. What are the prime factors of g(-19)?
2
Suppose -5*w - 3*g + 116 = 9, -4*g = -5*w + 79. What are the prime factors of w?
19
Suppose 2*g - 127 = -3*t, 0 = -0*t + 3*t + 3. Suppose -4*d + g = -9*d. Let h = d + 22. List the prime factors of h.
3
Suppose 1 = -2*g - 1, -g = 3*z + 142. Let r = 17 + z. List the prime factors of 1/2 + r/(-4).
2
Suppose 4*h = 3*d + 2*d + 784, 5*h + 3*d - 943 = 0. What are the prime factors of h?
191
Let y(v) be the third derivative of v**5/60 + v**4/4 + v**2. Let t be y(-6). Suppose t = -4*g + 15 + 9. What are the prime factors of g?
2, 3
Suppose 5*y = -3*w, 3*w + 5 = 2*w. What are the prime factors of 5 + 2/(-3)*y?
3
Let h(r) = r**3 - 4*r**2 + 5*r - 3. Let p be h(3). Suppose -t = -3*t - f + 4, 4*t = -4*f. Suppose t*l - 21 = p. List the prime factors of l.
2, 3
Let f(k) = -k**2 - 7*k - 6. Let q be f(-6). Let r = q + 2. Suppose l = r + 2. What are the prime factors of l?
2
Suppose 0 = -0*b + 3*b + 6. Let j(i) = 3*i**2 + 2*i - 2. List the prime factors of j(b).
2, 3
Let f be (-2)/3*(8 + 1). What are the prime factors of 4/f*180/(-8)?
3, 5
Let j be 21/4*8/2. Let n = j - 12. Suppose -r + a = -n, 0 = a + 4 - 5. List the prime factors of r.
2, 5
Suppose g = -4*g + 30. Let r = g + 2. What are the prime factors of r?
2
Let q(l) = l**2 - 3*l - 1. Let p(o) = -2*o**2 + 7*o + 3. Let m(s) = 6*p(s) + 13*q(s). List the prime factors of m(-5).
3, 5
Suppose 4*j - 4*r = -r - 72, -r + 49 = -3*j. Let c = 26 + j. What are the prime factors of c?
11
Let h(k) = -k + 13. List the prime factors of h(5).
2
Let s(p) = -p**3 - 3*p**2 - 2. Suppose 3*q = q - 8. What are the prime factors of s(q)?
2, 7
Suppose -t + 500 = 4*t. What are the prime factors of t?
2, 5
Suppose -3*b - 51 = -0*b - 3*w, b = -3*w - 21. Let q be (-4)/18 - (-68)/b. What are the prime factors of (-2 + q)/((-1)/2)?
2, 3
Let j(s) = -s + 2 - 3 + 7. What are the prime factors of j(4)?
2
Let s = 58 + -33. What are the prime factors of s?
5
Suppose 0 = -5*z - 0*z + 25. Suppose z + 6 = -b. Let y = -5 - b. What are the prime factors of y?
2, 3
Let o = -101 + 173. List the prime factors of o.
2, 3
Suppose 0 = 7*t - 10*t + 60. What are the prime factors of t?
2, 5
Suppose 0 = 3*q - 12, 20 = 5*p + 4*q - 16. Let a = -11 + 18. Suppose 5*h + 1 = 3*z + a, 27 = 5*h + p*z. What are the prime factors of h?
3
Let m(u) = -u + 10. Let b be m(7). Suppose 4*n + 3 = 11, -5*f - b*n - 24 = 0. What are the prime factors of ((-2)/f)/(3/99)?
11
Let l(d) = -4*d - 2. Suppose -4*s = -4*b - 5*s - 14, -5*b + 2*s - 24 = 0. What are the prime factors of l(b)?
2, 7
Suppose -2*t - 2*t - 4*v + 516 = 0, -t + 4*v + 139 = 0. What are the prime factors of t?
131
Let d = 8 - -1. List the prime factors of (-6 - 9/(-3)) + d.
2, 3
Let k(i) be the second derivative of i**5/20 + 3*i**4/4 - i**3/3 - 7*i**2/2 - 2*i. What are the prime factors of k(-9)?
11
Suppose -164 = 5*a - 14. Let b = 42 + a. What are the prime factors of b?
2, 3
Let v(k) = -7*k + 33. What are the prime factors of v(-11)?
2, 5, 11
Let t(s) = -5*s**3 - 2*s**2 + 2*s + 7. What are the prime factors of t(-3)?
2, 59
Let h be ((52 + 2)/3)/1. What are the prime factors of 194/h - 8/(-36)?
11
Suppose 6*q - 2*q = 16. What are the prime factors of 10/q*(-6)/(-5)?
3
Suppose 4*r = 2*c - 408, -5*r - 287 = -5*c + 708. List the prime factors of c.
2, 97
Let i(u) = 2 - 3 - 2*u - 3 + 2. What are the prime factors of i(-2)?
2
Suppose 0*z = -5*z - p - 79, -p - 64 = 4*z. Let u = z - -27. What are the prime factors of u?
2, 3
Suppose -w + 3*t = -13, -w - 4*t - 8 = -0*t. Let p(b) = 0*b - w*b + 2*b - 4*b - 1. What are the prime factors of p(-1)?
5
Let a be 26/10 + 2/5. Suppose 4*n - 81 = -3*c, -4*n + 85 - 22 = -a*c. List the prime factors of n.
2, 3
Let x(z) = 2*z**2 - 6*z + 4. Let i(b) = -b**2 + b - 1. Let w(f) = -5*i(f) - x(f). What are the prime factors of w(-1)?
3
Let b(t) = -4*t. Let u be b(-1). Suppose -3*i - 35 = -i - d, u*i = -4*d - 40. Let r = -7 - i. List the prime factors of r.
2
Let i(l) = l**3 + 3*l**2 + 3*l + 3. Let h(r) = 2*r**3 + 7*r**2 + 6*r + 6. Let a(c) = -3*h(c) + 5*i(c). List the prime factors of a(-6).
3, 5
Let l be 0 - (4 + -1 - 8). Let p(m) = m - 2. Let q be p(2). Suppose -20 = -l*n - q*n. What are the prime factors of n?
2
Let g(m) = -m**2 - 14*m - 15. What are the prime factors of g(-10)?
5
Let t be -2*(-1)/(-2) - -44. Suppose -a = 4*a - 5*f - 75, 0 = 3*a - f - t. List the prime factors of a.
2, 7
Let x(c) = c**3 - 3*c**2 - 13*c - 4. Let w be x(6). Suppose 3*d - w + 2 = 0. List the prime factors of d.
2
Suppose -4*q = -3*x - 8, -2*x - 6 = -3*q + 3*x. Let o(n) be the second derivative of n**5/20 - n**4/12 + n**3/2 - 3*n**2/2 - n. List the prime factors of o(q).
7
Let q(a) be the first derivative of a**4/2 + 4*a**3/3 - 2*a**2 + 2*a + 4. What are the prime factors of q(2)?
2, 13
Let t = -15 + 43. Let n = -9 + 13. Suppose n*d - t =